What is 3 (base 6) in base 5?
3
e (base 16) to base 6
22
What is -34 (base 12) in base 10?
-40
107 (base 14) to base 3
21112
Convert 5a (base 16) to base 9.
110
Convert -11101 (base 2) to base 4.
-131
-4 (base 12) to base 15
-4
2 (base 7) to base 16
2
186 (base 9) to base 3
12220
32 (base 7) to base 13
1a
-29 (base 12) to base 3
-1020
Convert 7f (base 16) to base 3.
11201
14 (base 12) to base 15
11
Convert -9 (base 15) to base 5.
-14
What is 0 (base 5) in base 8?
0
Convert -1 (base 6) to base 9.
-1
What is -300 (base 6) in base 11?
-99
-1000 (base 7) to base 11
-292
What is 44 (base 7) in base 3?
1012
1101100 (base 2) to base 3
11000
b (base 16) to base 5
21
-10 (base 3) to base 10
-3
What is 201 (base 7) in base 5?
344
-10001101 (base 2) to base 10
-141
What is -3 (base 15) in base 7?
-3
2 (base 16) to base 13
2
What is 17 (base 14) in base 5?
41
What is -3 (base 8) in base 7?
-3
What is -21101 (base 3) in base 16?
-c7
Convert 22 (base 11) to base 7.
33
What is 30 (base 6) in base 14?
14
-2 (base 14) to base 15
-2
Convert -5 (base 11) to base 8.
-5
1 (base 9) to base 4
1
-36 (base 10) to base 6
-100
What is 3 (base 13) in base 9?
3
What is 5 (base 15) in base 16?
5
Convert 3 (base 13) to base 8.
3
Convert 33 (base 9) to base 14.
22
Convert -3 (base 15) to base 11.
-3
-1001111 (base 2) to base 5
-304
What is -13 (base 7) in base 6?
-14
What is 37 (base 15) in base 5?
202
Convert ed (base 16) to base 14.
12d
What is -1 (base 11) in base 4?
-1
Convert 52 (base 10) to base 3.
1221
Convert -12 (base 12) to base 16.
-e
What is 101001 (base 2) in base 11?
38
-2 (base 9) to base 3
-2
What is a (base 13) in base 5?
20
Convert -13 (base 11) to base 8.
-16
Convert 38 (base 13) to base 16.
2f
Convert -7 (base 8) to base 4.
-13
Convert 44 (base 6) to base 16.
1c
14 (base 7) to base 4
23
94 (base 14) to base 5
1010
What is -3 (base 13) in base 9?
-3
What is -14 (base 7) in base 8?
-13
-23 (base 6) to base 15
-10
What is -27 (base 10) in base 14?
-1d
What is -120 (base 3) in base 10?
-15
Convert -1d (base 15) to base 8.
-34
What is -1320 (base 5) in base 3?
-21210
Convert -450 (base 8) to base 11.
-24a
Convert -8 (base 14) to base 5.
-13
Convert 5b (base 15) to base 3.
10012
What is 0 (base 13) in base 10?
0
What is -104 (base 6) in base 3?
-1111
What is -17 (base 10) in base 8?
-21
What is -28 (base 12) in base 15?
-22
What is -4a (base 13) in base 16?
-3e
Convert 281 (base 10) to base 5.
2111
What is -2111 (base 3) in base 8?
-103
-4 (base 12) to base 8
-4
21 (base 3) to base 2
111
107 (base 10) to base 3
10222
What is -f8 (base 16) in base 12?
-188
What is -4 (base 12) in base 11?
-4
What is -1 (base 3) in base 5?
-1
Convert -132 (base 5) to base 15.
-2c
What is -11 (base 13) in base 11?
-13
Convert -2 (base 5) to base 9.
-2
Convert 5 (base 10) to base 12.
5
Convert 0 (base 6) to base 15.
0
Convert 120 (base 6) to base 10.
48
-1066 (base 7) to base 9
-474
33 (base 7) to base 3
220
What is -11101011 (base 2) in base 11?
-1a4
What is 71 (base 9) in base 5?
224
1023 (base 4) to base 9
83
f (base 16) to base 2
1111
-10 (base 15) to base 9
-16
3 (base 4) to base 6
3
-1 (base 3) to base 14
-1
-21 (base 4) to base 6
-13
Convert -1 (base 9) to base 11.
-1
What is -7 (base 14) in base 16?
-7
What is -7 (base 10) in base 3?
-21
Convert 6 (base 16) to base 14.
6
What is 111 (base 6) in base 3?
1121
What is 1 (base 15) in base 14?
1
-5 (base 12) to base 5
-10
Convert -1 (base 8) to base 9.
-1
-4 (base 9) to base 11
-4
-1331 (base 4) to base 16
-7d
Convert 4 (base 9) to base 11.
4
-45 (base 12) to base 6
-125
What is 17 (base 12) in base 7?
25
What is 1 (base 10) in base 15?
1
Convert -3 (base 10) to base 9.
-3
What is 6 (base 12) in base 3?
20
Convert -204 (base 5) to base 11.
-4a
Convert 2 (base 5) to base 15.
2
2 (base 7) to base 2
10
3 (base 14) to base 16
3
115 (base 14) to base 11
186
What is -3303 (base 4) in base 12?
-183
122 (base 4) to base 5
101
Convert 27 (base 10) to base 3.
1000
What is 14 (base 13) in base 5?
32
What is 3 (base 7) in base 16?
3
-26 (base 8) to base 9
-24
-3 (base 15) to base 14
-3
What is -1 (base 15) in base 16?
-1
What is -19 (base 10) in base 6?
-31
120 (base 7) to base 10
63
-22 (base 14) to base 16
-1e
What is -1011111 (base 2) in base 8?
-137
What is -23 (base 14) in base 7?
-43
What is 3 (base 4) in base 14?
3
3 (base 5) to base 14
3
Convert -314 (base 10) to base 3.
-102122
Convert -13 (base 6) to base 8.
-11
What is -40 (base 5) in base 15?
-15
Convert -22 (base 4) to base 6.
-14
What is 153 (base 8) in base 6?
255
What is -211 (base 3) in base 15?
-17
What is 1032 (base 7) in base 10?
366
3 (base 5) to base 2
11
What is -20 (base 9) in base 10?
-18
1a (base 14) to base 5
44
3 (base 8) to base 6
3
Convert 5b (base 13) to base 3.
2211
Convert 12 (base 15) to base 6.
25
What is 2 (base 12) in base 16?
2
Convert -3333 (base 4) to base 13.
-168
-31 (base 5) to base 8
-20
What is -54 (base 10) in base 7?
-105
What is 2 (base 6) in base 16?
2
What is 134 (base 5) in base 3?
1122
Convert 2 (base 10) to base 5.
2
What is 25 (base 13) in base 3?
1011
Convert -1 (base 13) to base 11.
-1
What is 1111 (base 2) in base 4?
33
What is 0 (base 11) in base 16?
0
Convert -44 (base 5) to base 14.
-1a
11 (base 5) to base 15
6
What is -5 (base 11) in base 3?
-12
What is 1000011 (base 2) in base 16?
43
Convert 11 (base 6) to base 4.
13
-112 (base 13) to base 10
-184
-20 (base 3) to base 5
-11
1 (base 16) to base 4
1
What is -101 (base 3) in base 6?
-14
What is 1c (base 14) in base 16?
1a
What is f3 (base 16) in base 13?
159
Convert -17 (base 14) to base 15.
-16
-1010 (base 2) to base 16
-a
d (base 16) to base 11
12
Convert -8 (base 10) to base 13.
-8
-1022 (base 5) to base 14
-9b
Convert 114 (base 7) to base 6.
140
-12 (base 7) to base 13
-9
What is a (base 13) in base 11?
a
What is -102 (base 11) in base 12?
-a3
What is 0 (base 7) in base 16?
0
What is -8 (base 12) in base 3?
-22
Convert -5 (base 10) to base 3.
-12
Convert -c8 (base 16) to base 10.
-200
What is -24 (base 9) in base 10?
-22
-12 (base 8) to base 3
-101
-42 (base 5) to base 15
-17
What is -10 (base 12) in base 4?
-30
0 (base 5) to base 15
0
Convert 7 (base 14) to base 2.
111
Convert -245 (base 11) to base 12.
-203
Convert 1a (base 12) to base 9.
24
Convert -1000 (base 2) to base 9.
-8
2 (base 13) to base 14
2
Convert b (base 12) to base 11.
10
Convert 213 (base 6) to base 13.
63
0 (base 2) to base 11
0
Convert 6 (base 7) to base 15.
6
What is -9d (base 16) in base 2?
-10011101
-5 (base 15) to base 2
-101
What is 101001 (base 2) in base 12?
35
What is -2 (base 14) in base 10?
-2
Convert -3 (base 4) to base 6.
-3
-c5 (base 13) to base 8
-241
Convert -23 (base 6) to base 15.
-10
Convert -24 (base 7) to base 4.
-102
Convert 2 (base 14) to base 9.
2
What is -15 (base 6) in base 13?
-b
Convert 10 (base 4) to base 7.
4
What is -204 (base 6) in base 2?
-1001100
What is -13 (base 4) in base 14?
-7
Convert 0 (base 4) to base 8.
0
What is -237 (base 8) in base 7?
-315
-f (base 16) to base 2
-1111
What is -96 (base 13) in base 12?
-a3
Convert 0 (base 14) to base 10.
0
Convert -44 (base 15) to base 12.
-54
Convert 3 (base 11) to base 8.
3
21 (base 11) to base 14
19
Convert 236 (base 7) to base 3.
11122
Convert -3 (base 13) to base 6.
-3
Convert 6 (base 15) to base 6.
10
Convert 61 (base 10) to base 6.
141
-4 (base 7) to base 8
-4
Convert 1 (base 3) to base 6.
1
Convert -35 (base 14) to base 7.
-65
-30 (base 4) to base 15
-c
Convert 92 (base 14) to base 13.
9b
What is -8 (base 16) in base 14?
-8
Convert 0 (base 2) to base 5.
0
What is 22 (base 6) in base 7?
20
What is a4 (base 13) in base 8?
206
What is -33 (base 5) in base 7?
-24
Convert -2 (base 4) to base 9.
-2
What is -3 (base 9) in base 15?
-3
-1011 (base 3) to base 5
-111
Convert -1 (base 5) to base 16.
-1
-151 (base 6) to base 9
-74
Convert 34 (base 12) to base 9.
44
-27 (base 12) to base 15
-21
-13 (base 15) to base 10
-18
-5 (base 10) to base 4
-11
-23 (base 4) to base 10
-11
Convert -2 (base 11) to base 3.
-2
Convert 17 (base 12) to base 4.
103
-3 (base 15) to base 8
-3
What is 46 (base 8) in base 6?
102
12 (base 4) to base 7
6
Convert -2 (base 15) to base 10.
-2
1 (base 8) to base 4
1
2 (base 15) to base 3
2
Convert -1 (base 4) to 